{"id":47,"date":"2012-10-05T16:19:04","date_gmt":"2012-10-05T19:19:04","guid":{"rendered":"http:\/\/reges.com.br\/realeza\/?page_id=47"},"modified":"2023-05-08T09:29:31","modified_gmt":"2023-05-08T12:29:31","slug":"instituicao","status":"publish","type":"page","link":"http:\/\/reges.com.br\/realeza\/instituicao\/","title":{"rendered":"Institui\u00e7\u00e3o"},"content":{"rendered":"\n<p class=\"western\">A partir dos anos 1990, o crescimento do Munic\u00edpio Realeza e regi\u00e3o Sudoeste, as demandas do processo econ\u00f4mico, a complexifica\u00e7\u00e3o social e as profundas transforma\u00e7\u00f5es nos diferentes setores passaram a exigir que Realeza e regi\u00e3o constru\u00edssem m\u00faltiplas alternativas para promover a educa\u00e7\u00e3o, os conhecimentos cient\u00edficos e tecnol\u00f3gicos, al\u00e9m de preparar recursos humanos nos mais diferentes campos de produ\u00e7\u00e3o.<\/p>\n\n\n\n<p class=\"western\">\u00c9 nesse contexto que surge o Centro de Ensino Superior de Realeza, mantenedora da ent\u00e3o \u201cFaculdade de Realeza\u201d, Faculdade sem fins lucrativos, com sede e foro na cidade de Realeza \u2013 Pr. Desde a sua funda\u00e7\u00e3o, at\u00e9 os dias atuais, continua no mesmo endere\u00e7o, localizada na Rod. PR. 281, Km 02, sa\u00edda para Santa Izabel do Oeste \u2013 Pr.<\/p>\n\n\n\n<p class=\"western\">Em 23 de setembro de 2019 houve a publica\u00e7\u00e3o da portaria de altera\u00e7\u00e3o de denomina\u00e7\u00e3o da IES, que passou a ser \u201cFaculdade REGES de Realeza\u201d.<\/p>\n\n\n\n<p class=\"western\">Em 03 de dezembro de 2019, publicou-se o termo de responsabilidade de altera\u00e7\u00e3o de Transfer\u00eancia de Manten\u00e7a, que passou a ser REGES \u2013 Rede Gonzaga de Ensino Superior. E em 03 de dezembro de 2021, ap\u00f3s publica\u00e7\u00e3o do termo de responsabilidade, o Centro de Ensino Superior de Realeza voltou a ser a Mantenedora da Faculdade REGES de Realeza.<\/p>\n\n\n\n<p class=\"western\"><b>No que tange \u00e0s atividades acad\u00eamicas, observa-se o seguinte hist\u00f3rico da IES:<\/b><\/p>\n\n\n\n<p class=\"western\">A Faculdade REGES de Realeza, mantida pelo Centro de Ensino Superior de Realeza \u2013 CESREAL, foi credenciada com a autoriza\u00e7\u00e3o de seu primeiro curso, Administra\u00e7\u00e3o, atrav\u00e9s da Portaria Ministerial n\u00ba 1.718, de 01 de agosto de 2001 (DOU de 06\/08\/2001).<\/p>\n\n\n\n<p class=\"western\">A Faculdade foi efetivamente instalada no dia 02 de setembro de 2001, data do primeiro vestibular, contando com 1001 inscritos para 200 vagas dispon\u00edveis. Com a oferta do curso de Administra\u00e7\u00e3o e atendendo a uma regi\u00e3o carente de ensino superior, a institui\u00e7\u00e3o passou a cumprir com seu papel de integrar a comunidade realezense \u00e0 comunidade regional, fazendo com que as pessoas pudessem ter acesso \u00e0 faculdade de maneira mais r\u00e1pida, eficiente e com menor custo.<\/p>\n\n\n\n<p class=\"western\">No ano de 2005, a Faculdade REGES de Realeza expandiu suas atividades com a autoriza\u00e7\u00e3o, pela Portaria Ministerial n\u00ba 4.177, de 02 de<\/p>\n\n\n\n<p class=\"western\">dezembro de 2005 (DOU de 05\/12\/2005), do curso de Ci\u00eancias Cont\u00e1beis, novamente um curso in\u00e9dito na regi\u00e3o, iniciando sua primeira turma em 2006, oferecendo para Realeza e regi\u00e3o dois dos cursos com os maiores \u00edndices de empregabilidade no pa\u00eds. Ainda em 2005, O curso de Administra\u00e7\u00e3o foi reconhecido atrav\u00e9s da Portaria Ministerial n\u00ba 4.447 de 22 de dezembro de 2005 (DOU de 23\/12\/2005).<\/p>\n\n\n\n<p class=\"western\">O reconhecimento do curso de Ci\u00eancias Cont\u00e1beis ocorreu com a publica\u00e7\u00e3o da Portaria SESu\/MEC n\u00ba 660, de 21 de mar\u00e7o de 2011 (DOU de 23\/03\/2011).<\/p>\n\n\n\n<p class=\"western\">Em 2012, a institui\u00e7\u00e3o foi recredenciada atrav\u00e9s da Portaria Ministerial n\u00ba 341, de 05 de abril de 2012 (DOU de 10\/04\/2012).<\/p>\n\n\n\n<p class=\"western\">No ano de 2013 foi publicada a portaria de Renova\u00e7\u00e3o de Reconhecimento do curso de Administra\u00e7\u00e3o pela Portaria SERES\/MEC n\u00ba 737, de 30 de dezembro de 2013 (DOU de 31\/12\/2013).<\/p>\n\n\n\n<p class=\"western\">Em 2017 o curso de Administra\u00e7\u00e3o obteve novamente a Renova\u00e7\u00e3o de Reconhecimento por meio da Portaria SERES\/MEC n\u00ba 268, de 03 de abril de 2017 (DOU de 04\/04\/2017), enquanto que o curso de Ci\u00eancias Cont\u00e1beis alcan\u00e7ou sua Renova\u00e7\u00e3o de Reconhecimento com a publica\u00e7\u00e3o da Portaria SERES\/MEC n\u00ba 935, de 24 de agosto de 2017 (DOU de 25\/08\/2017).<\/p>\n\n\n\n<p class=\"western\">No ano de 2019, a Faculdade REGES de Realeza expandiu novamente suas atividades com a autoriza\u00e7\u00e3o, pela Portaria Ministerial n\u00ba 209, de 29 de abril de 2019 (DOU de 30\/04\/2019), do curso de Direito e pela Portaria Ministerial n\u00ba 268, de 11 de junho de 2019 (DOU de 12\/16\/2019), do curso de Agroneg\u00f3cio (Tecnol\u00f3gico), sendo dois cursos in\u00e9ditos na regi\u00e3o.<\/p>\n\n\n\n<p class=\"western\">Em 2020 o curso de Ci\u00eancias Cont\u00e1beis alcan\u00e7ou sua Renova\u00e7\u00e3o de Reconhecimento com a publica\u00e7\u00e3o da Portaria SERES\/MEC n\u00ba 208, de 25 de junho de 2020 (DOU de 07\/07\/2020).<\/p>\n","protected":false},"excerpt":{"rendered":"<p>A partir dos anos 1990, o crescimento do Munic\u00edpio Realeza e regi\u00e3o Sudoeste, as demandas do processo econ\u00f4mico, a complexifica\u00e7\u00e3o social e as profundas transforma\u00e7\u00f5es nos diferentes setores passaram a exigir que Realeza e regi\u00e3o constru\u00edssem m\u00faltiplas alternativas para promover a educa\u00e7\u00e3o, os conhecimentos cient\u00edficos e tecnol\u00f3gicos, al\u00e9m de preparar recursos humanos nos mais diferentes campos de produ\u00e7\u00e3o. \u00c9 nesse contexto que surge o Centro de Ensino Superior de Realeza, mantenedora da ent\u00e3o \u201cFaculdade de Realeza\u201d, Faculdade sem fins lucrativos, com sede e foro na cidade de Realeza \u2013 Pr. Desde a sua funda\u00e7\u00e3o, at\u00e9 os dias atuais, continua no mesmo endere\u00e7o, localizada na Rod. PR. 281, Km 02, sa\u00edda para Santa Izabel do Oeste \u2013 Pr. Em 23 de setembro de 2019 houve a publica\u00e7\u00e3o da portaria de altera\u00e7\u00e3o de denomina\u00e7\u00e3o da IES, que passou a ser \u201cFaculdade REGES de Realeza\u201d. Em 03 de dezembro de 2019, publicou-se o termo de responsabilidade de altera\u00e7\u00e3o de Transfer\u00eancia de Manten\u00e7a, que passou a ser REGES \u2013 Rede Gonzaga de Ensino Superior. E em 03 de dezembro de 2021, ap\u00f3s publica\u00e7\u00e3o do termo de responsabilidade, o Centro de Ensino Superior de Realeza voltou a ser a Mantenedora da Faculdade REGES de Realeza. No que tange \u00e0s atividades acad\u00eamicas, observa-se o seguinte hist\u00f3rico da IES: A Faculdade REGES de Realeza, mantida pelo Centro de Ensino Superior de Realeza \u2013 CESREAL, foi credenciada com a autoriza\u00e7\u00e3o de seu primeiro curso, Administra\u00e7\u00e3o, atrav\u00e9s da Portaria Ministerial n\u00ba 1.718, de 01 de agosto de 2001 (DOU de 06\/08\/2001). A Faculdade foi efetivamente instalada no dia 02 de setembro de 2001, data do primeiro vestibular, contando com 1001 inscritos para 200 vagas dispon\u00edveis. Com a oferta do curso de Administra\u00e7\u00e3o e atendendo a uma regi\u00e3o carente de ensino superior, a institui\u00e7\u00e3o passou a cumprir com seu papel de integrar a comunidade realezense \u00e0 comunidade regional, fazendo com que as pessoas pudessem ter acesso \u00e0 faculdade de maneira mais r\u00e1pida, eficiente e com menor custo. No ano de 2005, a Faculdade REGES de Realeza expandiu suas atividades com a autoriza\u00e7\u00e3o, pela Portaria Ministerial n\u00ba 4.177, de 02 de dezembro de 2005 (DOU de 05\/12\/2005), do curso de Ci\u00eancias Cont\u00e1beis, novamente um curso in\u00e9dito na regi\u00e3o, iniciando sua primeira turma em 2006, oferecendo para Realeza e regi\u00e3o dois dos cursos com os maiores \u00edndices de empregabilidade no pa\u00eds. Ainda em 2005, O curso de Administra\u00e7\u00e3o foi reconhecido atrav\u00e9s da Portaria Ministerial n\u00ba 4.447 de 22 de dezembro de 2005 (DOU de 23\/12\/2005). O reconhecimento do curso de Ci\u00eancias Cont\u00e1beis ocorreu com a publica\u00e7\u00e3o da Portaria SESu\/MEC n\u00ba 660, de 21 de mar\u00e7o de 2011 (DOU de 23\/03\/2011). Em 2012, a institui\u00e7\u00e3o foi recredenciada atrav\u00e9s da Portaria Ministerial n\u00ba 341, de 05 de abril de 2012 (DOU de 10\/04\/2012). No ano de 2013 foi publicada a portaria de Renova\u00e7\u00e3o de Reconhecimento do curso de Administra\u00e7\u00e3o pela Portaria SERES\/MEC n\u00ba 737, de 30 de dezembro de 2013 (DOU de 31\/12\/2013). Em 2017 o curso de Administra\u00e7\u00e3o obteve novamente a Renova\u00e7\u00e3o de Reconhecimento por meio da Portaria SERES\/MEC n\u00ba 268, de 03 de abril de 2017 (DOU de 04\/04\/2017), enquanto que o curso de Ci\u00eancias Cont\u00e1beis alcan\u00e7ou sua Renova\u00e7\u00e3o de Reconhecimento com a publica\u00e7\u00e3o da Portaria SERES\/MEC n\u00ba 935, de 24 de agosto de 2017 (DOU de 25\/08\/2017). No ano de 2019, a Faculdade REGES de Realeza expandiu novamente suas atividades com a autoriza\u00e7\u00e3o, pela Portaria Ministerial n\u00ba 209, de 29 de abril de 2019 (DOU de 30\/04\/2019), do curso de Direito e pela Portaria Ministerial n\u00ba 268, de 11 de junho de 2019 (DOU de 12\/16\/2019), do curso de Agroneg\u00f3cio (Tecnol\u00f3gico), sendo dois cursos in\u00e9ditos na regi\u00e3o. Em 2020 o curso de Ci\u00eancias Cont\u00e1beis alcan\u00e7ou sua Renova\u00e7\u00e3o de Reconhecimento com a publica\u00e7\u00e3o da Portaria SERES\/MEC n\u00ba 208, de 25 de junho de 2020 (DOU de 07\/07\/2020).<\/p>\n","protected":false},"author":1,"featured_media":0,"parent":0,"menu_order":0,"comment_status":"closed","ping_status":"closed","template":"","meta":{"footnotes":""},"class_list":["post-47","page","type-page","status-publish","hentry"],"_links":{"self":[{"href":"http:\/\/reges.com.br\/realeza\/wp-json\/wp\/v2\/pages\/47","targetHints":{"allow":["GET"]}}],"collection":[{"href":"http:\/\/reges.com.br\/realeza\/wp-json\/wp\/v2\/pages"}],"about":[{"href":"http:\/\/reges.com.br\/realeza\/wp-json\/wp\/v2\/types\/page"}],"author":[{"embeddable":true,"href":"http:\/\/reges.com.br\/realeza\/wp-json\/wp\/v2\/users\/1"}],"replies":[{"embeddable":true,"href":"http:\/\/reges.com.br\/realeza\/wp-json\/wp\/v2\/comments?post=47"}],"version-history":[{"count":2,"href":"http:\/\/reges.com.br\/realeza\/wp-json\/wp\/v2\/pages\/47\/revisions"}],"predecessor-version":[{"id":3509,"href":"http:\/\/reges.com.br\/realeza\/wp-json\/wp\/v2\/pages\/47\/revisions\/3509"}],"wp:attachment":[{"href":"http:\/\/reges.com.br\/realeza\/wp-json\/wp\/v2\/media?parent=47"}],"curies":[{"name":"wp","href":"https:\/\/api.w.org\/{rel}","templated":true}]}}

Instituição

<p class="western">A partir dos anos 1990, o crescimento do Município Realeza e região Sudoeste, as demandas do processo econômico, a complexificação social e as profundas transformações nos diferentes setores passaram a exigir que Realeza e região construíssem múltiplas alternativas para promover a educação, os conhecimentos científicos e tecnológicos, além de preparar recursos humanos nos mais diferentes campos de produção.</p>



<p class="western">É nesse contexto que surge o Centro de Ensino Superior de Realeza, mantenedora da então “Faculdade de Realeza”, Faculdade sem fins lucrativos, com sede e foro na cidade de Realeza – Pr. Desde a sua fundação, até os dias atuais, continua no mesmo endereço, localizada na Rod. PR. 281, Km 02, saída para Santa Izabel do Oeste – Pr.</p>



<p class="western">Em 23 de setembro de 2019 houve a publicação da portaria de alteração de denominação da IES, que passou a ser “Faculdade REGES de Realeza”.</p>



<p class="western">Em 03 de dezembro de 2019, publicou-se o termo de responsabilidade de alteração de Transferência de Mantença, que passou a ser REGES – Rede Gonzaga de Ensino Superior. E em 03 de dezembro de 2021, após publicação do termo de responsabilidade, o Centro de Ensino Superior de Realeza voltou a ser a Mantenedora da Faculdade REGES de Realeza.</p>



<p class="western"><b>No que tange às atividades acadêmicas, observa-se o seguinte histórico da IES:</b></p>



<p class="western">A Faculdade REGES de Realeza, mantida pelo Centro de Ensino Superior de Realeza – CESREAL, foi credenciada com a autorização de seu primeiro curso, Administração, através da Portaria Ministerial nº 1.718, de 01 de agosto de 2001 (DOU de 06/08/2001).</p>



<p class="western">A Faculdade foi efetivamente instalada no dia 02 de setembro de 2001, data do primeiro vestibular, contando com 1001 inscritos para 200 vagas disponíveis. Com a oferta do curso de Administração e atendendo a uma região carente de ensino superior, a instituição passou a cumprir com seu papel de integrar a comunidade realezense à comunidade regional, fazendo com que as pessoas pudessem ter acesso à faculdade de maneira mais rápida, eficiente e com menor custo.</p>



<p class="western">No ano de 2005, a Faculdade REGES de Realeza expandiu suas atividades com a autorização, pela Portaria Ministerial nº 4.177, de 02 de</p>



<p class="western">dezembro de 2005 (DOU de 05/12/2005), do curso de Ciências Contábeis, novamente um curso inédito na região, iniciando sua primeira turma em 2006, oferecendo para Realeza e região dois dos cursos com os maiores índices de empregabilidade no país. Ainda em 2005, O curso de Administração foi reconhecido através da Portaria Ministerial nº 4.447 de 22 de dezembro de 2005 (DOU de 23/12/2005).</p>



<p class="western">O reconhecimento do curso de Ciências Contábeis ocorreu com a publicação da Portaria SESu/MEC nº 660, de 21 de março de 2011 (DOU de 23/03/2011).</p>



<p class="western">Em 2012, a instituição foi recredenciada através da Portaria Ministerial nº 341, de 05 de abril de 2012 (DOU de 10/04/2012).</p>



<p class="western">No ano de 2013 foi publicada a portaria de Renovação de Reconhecimento do curso de Administração pela Portaria SERES/MEC nº 737, de 30 de dezembro de 2013 (DOU de 31/12/2013).</p>



<p class="western">Em 2017 o curso de Administração obteve novamente a Renovação de Reconhecimento por meio da Portaria SERES/MEC nº 268, de 03 de abril de 2017 (DOU de 04/04/2017), enquanto que o curso de Ciências Contábeis alcançou sua Renovação de Reconhecimento com a publicação da Portaria SERES/MEC nº 935, de 24 de agosto de 2017 (DOU de 25/08/2017).</p>



<p class="western">No ano de 2019, a Faculdade REGES de Realeza expandiu novamente suas atividades com a autorização, pela Portaria Ministerial nº 209, de 29 de abril de 2019 (DOU de 30/04/2019), do curso de Direito e pela Portaria Ministerial nº 268, de 11 de junho de 2019 (DOU de 12/16/2019), do curso de Agronegócio (Tecnológico), sendo dois cursos inéditos na região.</p>



<p class="western">Em 2020 o curso de Ciências Contábeis alcançou sua Renovação de Reconhecimento com a publicação da Portaria SERES/MEC nº 208, de 25 de junho de 2020 (DOU de 07/07/2020).</p>

<p>A partir dos anos 1990, o crescimento do Município Realeza e região Sudoeste, as demandas do processo econômico, a complexificação social e as profundas transformações nos diferentes setores passaram a exigir que Realeza e região construíssem múltiplas alternativas para promover a educação, os conhecimentos científicos e tecnológicos, além de preparar recursos humanos nos mais diferentes campos de produção. É nesse contexto que surge o Centro de Ensino Superior de Realeza, mantenedora da então “Faculdade de Realeza”, Faculdade sem fins lucrativos, com sede e foro na cidade de Realeza – Pr. Desde a sua fundação, até os dias atuais, continua no mesmo endereço, localizada na Rod. PR. 281, Km 02, saída para Santa Izabel do Oeste – Pr. Em 23 de setembro de 2019 houve a publicação da portaria de alteração de denominação da IES, que passou a ser “Faculdade REGES de Realeza”. Em 03 de dezembro de 2019, publicou-se o termo de responsabilidade de alteração de Transferência de Mantença, que passou a ser REGES – Rede Gonzaga de Ensino Superior. E em 03 de dezembro de 2021, após publicação do termo de responsabilidade, o Centro de Ensino Superior de Realeza voltou a ser a Mantenedora da Faculdade REGES de Realeza. No que tange às atividades acadêmicas, observa-se o seguinte histórico da IES: A Faculdade REGES de Realeza, mantida pelo Centro de Ensino Superior de Realeza – CESREAL, foi credenciada com a autorização de seu primeiro curso, Administração, através da Portaria Ministerial nº 1.718, de 01 de agosto de 2001 (DOU de 06/08/2001). A Faculdade foi efetivamente instalada no dia 02 de setembro de 2001, data do primeiro vestibular, contando com 1001 inscritos para 200 vagas disponíveis. Com a oferta do curso de Administração e atendendo a uma região carente de ensino superior, a instituição passou a cumprir com seu papel de integrar a comunidade realezense à comunidade regional, fazendo com que as pessoas pudessem ter acesso à faculdade de maneira mais rápida, eficiente e com menor custo. No ano de 2005, a Faculdade REGES de Realeza expandiu suas atividades com a autorização, pela Portaria Ministerial nº 4.177, de 02 de dezembro de 2005 (DOU de 05/12/2005), do curso de Ciências Contábeis, novamente um curso inédito na região, iniciando sua primeira turma em 2006, oferecendo para Realeza e região dois dos cursos com os maiores índices de empregabilidade no país. Ainda em 2005, O curso de Administração foi reconhecido através da Portaria Ministerial nº 4.447 de 22 de dezembro de 2005 (DOU de 23/12/2005). O reconhecimento do curso de Ciências Contábeis ocorreu com a publicação da Portaria SESu/MEC nº 660, de 21 de março de 2011 (DOU de 23/03/2011). Em 2012, a instituição foi recredenciada através da Portaria Ministerial nº 341, de 05 de abril de 2012 (DOU de 10/04/2012). No ano de 2013 foi publicada a portaria de Renovação de Reconhecimento do curso de Administração pela Portaria SERES/MEC nº 737, de 30 de dezembro de 2013 (DOU de 31/12/2013). Em 2017 o curso de Administração obteve novamente a Renovação de Reconhecimento por meio da Portaria SERES/MEC nº 268, de 03 de abril de 2017 (DOU de 04/04/2017), enquanto que o curso de Ciências Contábeis alcançou sua Renovação de Reconhecimento com a publicação da Portaria SERES/MEC nº 935, de 24 de agosto de 2017 (DOU de 25/08/2017). No ano de 2019, a Faculdade REGES de Realeza expandiu novamente suas atividades com a autorização, pela Portaria Ministerial nº 209, de 29 de abril de 2019 (DOU de 30/04/2019), do curso de Direito e pela Portaria Ministerial nº 268, de 11 de junho de 2019 (DOU de 12/16/2019), do curso de Agronegócio (Tecnológico), sendo dois cursos inéditos na região. Em 2020 o curso de Ciências Contábeis alcançou sua Renovação de Reconhecimento com a publicação da Portaria SERES/MEC nº 208, de 25 de junho de 2020 (DOU de 07/07/2020).</p>
